{"id":32,"date":"2022-09-07T15:33:56","date_gmt":"2022-09-07T13:33:56","guid":{"rendered":"https:\/\/www.hesav.ch\/new-guide-etu\/?page_id=32"},"modified":"2025-10-22T14:59:21","modified_gmt":"2025-10-22T12:59:21","slug":"services","status":"publish","type":"page","link":"https:\/\/hesav.ch\/guide-etu\/services\/","title":{"rendered":"Contacts utiles et organisation de HESAV"},"content":{"rendered":"\n\n\t\t\n<section class=\"section-description \" >\n\t<div class=\"section-description__inner\">\n\t\t<div class=\"section-description__text-wrapper\">\n\t\t\t\t\t\t\t\t\t\t<h2 class=\"section-description__title\">Nos d\u00e9partements <\/h2>\n\t\t\t\t\t\t<div class=\"section-description__content typography\"><p><strong>Direction G\u00e9n\u00e9rale<\/strong><\/p>\n<p>La Direction g\u00e9n\u00e9rale d\u00e9finit les orientations strat\u00e9giques de HESAV pour les missions qui lui sont confi\u00e9es : enseignement en formation de base et formation continue et postgrade, recherche appliqu\u00e9e et d\u00e9veloppement (Ra&amp;D), prestations de service, partenariats nationaux et internationaux.<\/p>\n<p>Elle repr\u00e9sente HESAV aupr\u00e8s des instances cantonales, de la HES-SO et de ses partenaires. Elle instruit les dossiers relevant de sa comp\u00e9tence.<\/p>\n<p>Secr\u00e9tariat de direction<br \/>\nBeaumont 21, 1<sup>er<\/sup>\u00a0\u00e9tage, bureau T114<br \/>\n<a href=\"tel:+41215566250\">+41 21 556 62 50<\/a><br \/>\n<a href=\"mailto:direction@hesav.ch\">direction [@] hesav.ch<\/a><\/p>\n<p>&nbsp;<\/p>\n<p><strong>D\u00e9partement Formation<\/strong><\/p>\n<p>Le D\u00e9partement Formation assure l\u2019organisation, la coordination, le d\u00e9veloppement et la promotion des formations offertes \u00e0 HESAV.<\/p>\n<p>Conform\u00e9ment aux valeurs de HESAV, il promeut des formations ouvertes sur le monde, centr\u00e9es sur les apprenant\u00b7es et r\u00e9pondant aux enjeux et d\u00e9fis des professionnel\u00b7les de sant\u00e9 pr\u00e9sent\u00b7es et futur\u00b7es<\/p>\n<p>Le D\u00e9partement Formation traite les dossiers relatifs \u00e0 l\u2019enseignement et la formation pour les programmes d\u2019Ann\u00e9e Prop\u00e9deutique Sant\u00e9 et des fili\u00e8res Bachelor of Sciences en Physioth\u00e9rapie, de Sage-femme voie seconde, en Soins infirmiers (formation \u00e0 temps plein et en emploi), et en Technique en Radiologie m\u00e9dicale.<\/p>\n<p>Il collabore avec de nombreuses institutions socio-sanitaires vaudoises, romandes, nationales et internationales pour la formation pratique\/stage des \u00e9tudiant\u00b7es des diff\u00e9rents programmes de formation.<\/p>\n<p>Il \u00e9galement g\u00e8re les unit\u00e9s de soutien \u00e0 l\u2019enseignement :<\/p>\n<ul>\n<li>Unit\u00e9 d\u2019enseignement par la simulation pour l\u2019organisation et le d\u00e9veloppement de l\u2019utilisation des diff\u00e9rentes modalit\u00e9s de simulation : simulation avec mannequin, patient\u00b7es simul\u00e9\u00b7es, simulation virtuelle \u2026<\/li>\n<li>Unit\u00e9 de soutien \u00e0 l\u2019enseignement et \u00e0 l\u2019apprentissage pour l\u2019\u00e9valuation de l\u2019enseignement, le soutien au d\u00e9veloppement p\u00e9dagogique dans le cadre des programmes de formation, et l\u2019organisation et la coordination du soutien \u00e0 la r\u00e9ussite des \u00e9tudiant\u00b7es.<\/li>\n<\/ul>\n<p>Le D\u00e9partement Formation r\u00e9pond aux besoins des professionnel\u00b7les de la sant\u00e9 au travers d\u2019une offre de programmes de formation continue et postgrade et de prestations de service en organisant des formations sur mesure sur demande.<\/p>\n<p>Secr\u00e9tariat du D\u00e9partement Formation<br \/>\nBeaumont 21, 3<sup>e<\/sup>\u00a0\u00e9tage, bureau T316<br \/>\n<a href=\"tel:+41215566350\">+41 21 556 63 50 <\/a><br \/>\n<a href=\"mailto:departement.formation@hesav.ch\">departement.formation [@] hesav.ch<\/a><\/p>\n<p>&nbsp;<\/p>\n<p><strong>Le d\u00e9canat\u00a0<\/strong><\/p>\n<p>Chaque fili\u00e8re Bachelor est plac\u00e9e sous la responsabilit\u00e9 d\u2019un\u00b7e doyen\u00b7ne, qui la dirige sur le plan p\u00e9dagogique et scientifique. Il\u00b7elle en rend compte \u00e0 la Direction du D\u00e9partement et participe \u00e0 la d\u00e9finition des orientations strat\u00e9giques de sa fili\u00e8re et de HESAV.<\/p>\n<p>Secr\u00e9tariat du d\u00e9canat<br \/>\nBeaumont 21, 3<sup>e<\/sup>\u00a0\u00e9tage, bureau T306<br \/>\n<a href=\"tel:+41215563640\">+41 21 556 63 40 <\/a><br \/>\n<a href=\"mailto:decanat@hesav.ch\">decanat [@] hesav.ch<\/a><\/p>\n<p>&nbsp;<\/p>\n<p><strong>D\u00e9partement R&amp;I<\/strong><\/p>\n<p>Le D\u00e9partement R&amp;I assure la coordination, le d\u00e9veloppement et la promotion des activit\u00e9s de Recherche de HESAV (URS).<\/p>\n<p>La recherche \u00e0 HESAV fait avancer les professions et les pratiques de la sant\u00e9, au b\u00e9n\u00e9fice de la s\u00e9curit\u00e9 des patient\u00b7es, de la qualit\u00e9 des soins et de la formation. Elle permet aussi de mieux conna\u00eetre les besoins de la population et des professionnel\u00b7les, participant ainsi \u00e0 l'am\u00e9lioration des services de sant\u00e9.<\/p>\n<p>Avec plus de 60 chercheur\u00b7euses, professionnel\u00b7les de sant\u00e9 et sp\u00e9cialistes en sciences humaines et sociales, HESAV occupe une place centrale dans le domaine de la recherche au sein des Hautes Ecoles. Cette interdisciplinarit\u00e9 permet d\u2019aborder les probl\u00e9matiques li\u00e9es \u00e0 la sant\u00e9 en posant des regards compl\u00e9mentaires et indispensables \u00e0 leur compr\u00e9hension globale.<\/p>\n<p>Le D\u00e9partement R&amp;I g\u00e8re \u00e9galement les prestations de service li\u00e9es \u00e0 l\u2019expertise des collaborateur\u00b7ices. Il organise des journ\u00e9es scientifiques, des s\u00e9minaires de recherche, et d\u2019autres manifestations, ainsi qu\u2019un soutien administratif pour la recherche et le d\u00e9veloppement.<\/p>\n<p>Le Bureau des relations nationales et internationales et la Biblioth\u00e8que sont rattach\u00e9s au D\u00e9partement R&amp;I.<\/p>\n<p>Secr\u00e9tariat du D\u00e9partement Recherche<br \/>\nBeaumont 21, 2<sup>e<\/sup>\u00a0\u00e9tage, bureau T221<\/p>\n<p><a href=\"tel:+41215566310\">+41 21 556 63 10 <\/a><br \/>\n<a href=\"maito:recherche@hesav.ch\">recherche[@] hesav.ch<\/a><\/p>\n<p>&nbsp;<\/p>\n<p><strong>Le Bureau des Relations Nationales et Internationales (BRI)<\/strong><\/p>\n<p>Le BRI a pour objectif de renforcer l\u2019internationalisation des missions acad\u00e9miques, formation et R&amp;I. A ce titre, le BRI aide \u00e0 d\u00e9velopper et promouvoir l\u2019internationalisation des \u00e9tudes via les mobilit\u00e9s IN et OUT, les mobilit\u00e9s virtuelles (COIL), les activit\u00e9s 'Internationalisation-at-Home' (IaH), les universit\u00e9s d\u2019\u00e9t\u00e9, ou encore les modules internationaux. Il soutient \u00e9galement les partenariats de recherche sur le plan international.<\/p>\n<p>Dans le cadre de ses activit\u00e9s de soutien aux \u00e9tudiant\u00b7es et au personnel d'enseignement et de recherche (PER), le BRI se charge entre autres de la gestion et du suivi administratif de la mobilit\u00e9 nationale et internationale, des Summer Universities (DGES) ou des Summer Schools (HES-SO).<\/p>\n<p>&nbsp;<\/p>\n<p>Beaumont 21, 2<sup>e<\/sup>\u00a0\u00e9tage, bureau T219<\/p>\n<p><a href=\"tel:0041215566360\">+41 21 556 63 60<\/a><\/p>\n<p><a href=\"mailto:international [@] hesav.ch\">international@hesav.ch<\/a><\/p>\n<\/div>\n\t\t<\/div>\n\t\t\t<\/div>\n<\/section>\n\n\n\t\t\n<section class=\"section-description \" >\n\t<div class=\"section-description__inner\">\n\t\t<div class=\"section-description__text-wrapper\">\n\t\t\t\t\t\t\t\t\t\t<h2 class=\"section-description__title\">Secr\u00e9tariat acad\u00e9mique <\/h2>\n\t\t\t\t\t\t<div class=\"section-description__content typography\"><p>Le secr\u00e9tariat acad\u00e9mique est compos\u00e9 des trois bureaux suivants :<\/p>\n<p><strong>Bureau des \u00e9tudiant\u00b7es<\/strong><\/p>\n<p>Le Bureau des \u00e9tudiant\u00b7es traite toutes les questions administratives en lien avec le parcours de formation des \u00e9tudiant\u00b7es (demande d\u2019attestation, arr\u00eat ou prolongation d\u2019\u00e9tudes, suivi des stages \/ formations pratiques, gestion des absences, changement d\u2019adresse, etc.).<\/p>\n<p>Heures d\u2019ouverture\u00a0:<br \/>\nDu lundi au vendredi de 9h00 \u00e0 13h00<br \/>\nEn dehors de ces heures, toute demande peut \u00eatre effectu\u00e9e par e-mail.<\/p>\n<p>Beaumont 21, 3<sup>e<\/sup>\u00a0\u00e9tage, bureau T322<br \/>\n<a href=\"tel:+41215566220\">+41 21 556 62 20<\/a><br \/>\n<a href=\"mailto:etudiants@hesav.ch\">etudiants [@] hesav.ch<\/a><\/p>\n<p>&nbsp;<\/p>\n<p><strong>Bureau de la formation<\/strong><\/p>\n<p>Le Bureau de la formation assure la gestion des horaires et des r\u00e9servations de salles, la gestion administrative des charg\u00e9s de cours et des patient\u00b7es simul\u00e9\u00b7es.<\/p>\n<p>Beaumont 21, 3<sup>e<\/sup>\u00a0\u00e9tage, bureau T312<br \/>\n<a href=\"tel:+41215566230\">+41 21 556 62 30<\/a><br \/>\n<a href=\"mailto:formation@hesav.ch\">formation [@] hesav.ch<\/a><\/p>\n<p>&nbsp;<\/p>\n<p><strong>Bureau des admissions<\/strong><\/p>\n<p>Le Bureau des admissions g\u00e8re tout le processus d\u2019admission \u00e0 HESAV (gestion des dossiers de candidature, renseignements sur les conditions d\u2019admission, confirmation d\u2019admission, etc.).<\/p>\n<p>Beaumont 21, 3<sup>e<\/sup>\u00a0\u00e9tage, bureau T314<br \/>\n<a href=\"tel:+41215566240\">+41 21 556 62 40<\/a><br \/>\n<a href=\"mailto:admissions@hesav.ch\">admissions [@] hesav.ch<\/a><\/p>\n<\/div>\n\t\t<\/div>\n\t\t\t<\/div>\n<\/section>\n\n\n\t\t\n<section class=\"section-description \" >\n\t<div class=\"section-description__inner\">\n\t\t<div class=\"section-description__text-wrapper\">\n\t\t\t\t\t\t\t\t\t\t<h2 class=\"section-description__title\">Biblioth\u00e8que <\/h2>\n\t\t\t\t\t\t<div class=\"section-description__content typography\"><p>La biblioth\u00e8que de HESAV met \u00e0 disposition toute la documentation (livres, e-books, p\u00e9riodiques, p\u00e9riodiques \u00e9lectroniques, bases de donn\u00e9es, etc.) n\u00e9cessaire \u00e0 votre formation. Vous avez \u00e9galement \u00e0 disposition des places de travail et des PC.<\/p>\n<p>Afin de faciliter vos recherches documentaires, des cours et ateliers sont organis\u00e9s pour vous familiariser avec les outils \u00e0 disposition. La communaut\u00e9 HESAV (\u00e9tudiant\u00b7es et collaborateur\u00b7ices) peut aussi se rendre au 12<sup>e<\/sup> \u00e9tage pour trouver des espaces de travail, des postes informatiques, ainsi que des imprimantes.<\/p>\n<p>&nbsp;<\/p>\n<p><strong>Horaires d'ouverture :<\/strong><\/p>\n<p>Du lundi au jeudi de 8h00 \u00e0 21h00<br \/>\nLe vendredi de 8h00 \u00e0 17h15<br \/>\nLe samedi de 9h00 \u00e0 16h00<\/p>\n<p><strong>O\u00f9 nous trouver<\/strong><br \/>\nBeaumont 21, 12<sup>e<\/sup>\u00a0\u00e9tage<br \/>\n<a href=\"tel:+41215566210\">+41 21 556 62 10<\/a><br \/>\n<a href=\"mailto:biblio@hesav.ch\">biblio [@] hesav.ch<\/a><br \/>\n<a href=\"https:\/\/bibliotheque.hesav.ch\/\" target=\"_blank\" rel=\"noopener\">bibliotheque.hesav.ch<\/a><\/p>\n<\/div>\n\t\t<\/div>\n\t\t\t<\/div>\n<\/section>\n\n\n\t\t\n<section class=\"section-description \" >\n\t<div class=\"section-description__inner\">\n\t\t<div class=\"section-description__text-wrapper\">\n\t\t\t\t\t\t\t\t\t\t<h2 class=\"section-description__title\">Service des affaires estudiantines <\/h2>\n\t\t\t\t\t\t<div class=\"section-description__content typography\"><p>Le Service des Affaires estudiantines (SAE) accompagne les \u00e9tudiant\u00b7es tout au long de leur formation en offrant conseil et orientation pour toute question relative \u00e0 la conciliation \u00e9tudes - travail - vie priv\u00e9e, \u00e0 des soucis financiers ponctuels ou r\u00e9currents ou d\u2019orientation professionnelle . Il collabore \u00e9troitement avec le service de sant\u00e9.<\/p>\n<p>Toutes les infos et contacts sur la page intranet : <a href=\"https:\/\/hesav.sharepoint.com\/sites\/affaires-estudiantines\" target=\"_blank\" rel=\"noopener\">Affaires Estudiantines - Home (sharepoint.com)<\/a><\/p>\n<\/div>\n\t\t<\/div>\n\t\t\t<\/div>\n<\/section>\n\n\n\t\t\n<section class=\"section-description \" >\n\t<div class=\"section-description__inner\">\n\t\t<div class=\"section-description__text-wrapper\">\n\t\t\t\t\t\t\t\t\t\t<h2 class=\"section-description__title\">Service de soutien \u00e0 l'apprentissage <\/h2>\n\t\t\t\t\t\t<div class=\"section-description__content typography\"><p>Chaque fili\u00e8re a mis en place un dispositif de soutien \u00e0 l\u2019apprentissage pour ses \u00e9tudiant\u00b7es qui contribue \u00e0 la r\u00e9ussite de la formation en assurant un accompagnement p\u00e9dagogique individualis\u00e9 ou collectif tout au long de l\u2019ann\u00e9e<\/p>\n<p>Les \u00e9tudiant\u00b7es peuvent, selon les fili\u00e8res et les besoins, b\u00e9n\u00e9ficier :<\/p>\n<ul>\n<li>de l\u2019orientation vers la personne pertinente,<\/li>\n<li>du soutien d\u2019un\u00b7e enseignant\u00b7e r\u00e9pondant\u00b7e<\/li>\n<li>de l\u2019accompagnement par des \u00e9tudiant\u00b7es-coaches<\/li>\n<li>d\u2019atelier de r\u00e9vision par exemple<\/li>\n<\/ul>\n<p>Les demandes peuvent \u00eatre adress\u00e9es \u00e0\u00a0:<\/p>\n<p>Physioth\u00e9rapie : le ou la conseiller\u00b7\u00e8re aux \u00e9tudes de votre ann\u00e9e<\/p>\n<p>Sage-femme : votre accompagnant\u00b7e p\u00e9dagogique<\/p>\n<p>Technique en radiologie m\u00e9dicale : le\u00b7la responsable d\u2019ann\u00e9e<\/p>\n<p>Soins infirmiers : Service de soutien \u00e0 l\u2019apprentissage SSA (<a href=\"https:\/\/hesav.sharepoint.com\/sites\/ssa\/SitePages\/Home.aspx?web=1\" target=\"_blank\" rel=\"noopener\">SSA - Home (sharepoint.com)<\/a><\/p>\n<\/div>\n\t\t<\/div>\n\t\t\t<\/div>\n<\/section>\n\n\n\t\t\n<section class=\"section-description \" >\n\t<div class=\"section-description__inner\">\n\t\t<div class=\"section-description__text-wrapper\">\n\t\t\t\t\t\t\t\t\t\t<h2 class=\"section-description__title\">Service de sant\u00e9 <\/h2>\n\t\t\t\t\t\t<div class=\"section-description__content typography\"><p>Le service de sant\u00e9 est \u00e0 disposition des \u00e9tudiant\u00b7es et du personnel de HESAV pour des besoins de sant\u00e9 physique, de sant\u00e9 mentale, de sant\u00e9 sexuelle, pour des conseils et orientations. Le service de sant\u00e9 contribue au maintien et au d\u00e9veloppement de la sant\u00e9 et du bien-\u00eatre de la communaut\u00e9 HESAV. Il v\u00e9rifie le statut vaccinal des \u00e9tudiant\u00b7es pour l'acc\u00e8s au stage\/formation pratique et organise r\u00e9guli\u00e8rement des activit\u00e9s de pr\u00e9vention et promotion de la sant\u00e9.<\/p>\n<p>Pour plus d\u2019infos et prendre rendez-vous : <a href=\"https:\/\/hesav.sharepoint.com\/sites\/service-de-sante\/SitePages\/Home.aspx\" target=\"_blank\" rel=\"noopener\">Service de sant\u00e9 - Home (sharepoint.com)<\/a><\/p>\n<\/div>\n\t\t<\/div>\n\t\t\t<\/div>\n<\/section>\n\n\n\t\t\n<section class=\"section-description \" >\n\t<div class=\"section-description__inner\">\n\t\t<div class=\"section-description__text-wrapper\">\n\t\t\t\t\t\t\t\t\t\t<h2 class=\"section-description__title\">Aum\u00f4nerie <\/h2>\n\t\t\t\t\t\t<div class=\"section-description__content typography\"><p>Un service d\u2019aum\u00f4nerie (pasteurs, pr\u00eatres et th\u00e9ologiens la\u00efcs) est pr\u00e9sent dans toutes les Hautes \u00e9coles du Canton de Vaud. Il vous propose une \u00e9coute ainsi que des activit\u00e9s dans une perspective d\u2019ouverture et de dialogue interreligieux et interculturel.<\/p>\n<p>Infos et contacts sur la page intranet d\u00e9di\u00e9e : <a href=\"https:\/\/hesav.sharepoint.com\/sites\/service-de-sante\/SitePages\/Aum%C3%B4nerie.aspx\" target=\"_blank\" rel=\"noopener\">Aum\u00f4nerie (sharepoint.com)<\/a><\/p>\n<\/div>\n\t\t<\/div>\n\t\t\t<\/div>\n<\/section>\n\n\n\t\t\n<section class=\"section-description \" >\n\t<div class=\"section-description__inner\">\n\t\t<div class=\"section-description__text-wrapper\">\n\t\t\t\t\t\t\t\t\t\t<h2 class=\"section-description__title\">Service du logement <\/h2>\n\t\t\t\t\t\t<div class=\"section-description__content typography\"><p>Le service du logement g\u00e8re les 170 chambres de la Tour HESAV lou\u00e9es aux \u00e9tudiant\u00b7es de HESAV.<\/p>\n<p>Les locataires profitent d'une vue magnifique et ont acc\u00e8s \u00e0 une cuisine \u00e9quip\u00e9e, des douches, salles de bains et WC sur l'\u00e9tage.<\/p>\n<p>Demande de location de chambre :<br \/>\nMerci, de compl\u00e9ter votre demande via\u00a0<a href=\"https:\/\/hesav.ch\/demande-de-chambre\/\" target=\"_blank\" rel=\"noopener\">le formulaire en ligne.<\/a><\/p>\n<p>Heures d'ouverture :<br \/>\nLundi de 8h \u00e0 12h30 et de 13h \u00e0 16h30<\/p>\n<p>Beaumont 21, 1<sup>er<\/sup>\u00a0\u00e9tage, bureau T102<br \/>\n<a href=\"tel:+41215566320\">+41 21 556 63 20 <\/a><br \/>\n<a href=\"mailto:logement@hesav.ch\">logement [@] hesav.ch<\/a><\/p>\n<\/div>\n\t\t<\/div>\n\t\t\t<\/div>\n<\/section>\n\n\n\t\t\n<section class=\"section-description \" >\n\t<div class=\"section-description__inner\">\n\t\t<div class=\"section-description__text-wrapper\">\n\t\t\t\t\t\t\t\t\t\t<h2 class=\"section-description__title\">Administration centrale <\/h2>\n\t\t\t\t\t\t<div class=\"section-description__content typography\"><p>L'administration centrale comprend le service de comptabilit\u00e9 et le service des ressources humaines.<\/p>\n<p>Vous pouvez vous adressez \u00e0 ces services pour tout ce qui concerne :<\/p>\n<ul>\n<li>les indemnit\u00e9s de stage \/ formation pratique des \u00e9tudiant\u00b7es<\/li>\n<li>les taxes d\u2019\u00e9tudes<\/li>\n<li>les contributions aux frais d\u2019\u00e9tudes<\/li>\n<\/ul>\n<p>Leurs bureaux sont situ\u00e9s \u00e0 Beaumont 21, au 1<sup>er<\/sup> \u00e9tage :<\/p>\n<ul>\n<li>Comptabilit\u00e9 : bureau T102, <a href=\"mailto:comptabilite@hesav.ch\">comptabilite [@] hesav.ch<\/a><\/li>\n<li>Service RH : bureau T105, <a href=\"mailto:ressources.humaines@hesav.ch\">ressources.humaines [@] hesav.ch<\/a><\/li>\n<\/ul>\n<\/div>\n\t\t<\/div>\n\t\t\t<\/div>\n<\/section>\n","protected":false},"excerpt":{"rendered":"","protected":false},"author":1,"featured_media":0,"parent":0,"menu_order":0,"comment_status":"closed","ping_status":"closed","template":"","meta":{"_acf_changed":false,"footnotes":""},"class_list":["post-32","page","type-page","status-publish","hentry"],"acf":[],"yoast_head":"<!-- This site is optimized with the Yoast SEO plugin v24.7 - https:\/\/yoast.com\/wordpress\/plugins\/seo\/ -->\n<title>Contacts utiles et organisation de HESAV - Le guide de l&#039;\u00e9tudiant.e - HESAV<\/title>\n<meta name=\"robots\" content=\"index, follow, max-snippet:-1, max-image-preview:large, max-video-preview:-1\" \/>\n<link rel=\"canonical\" href=\"https:\/\/hesav.ch\/guide-etu\/services\/\" \/>\n<meta property=\"og:locale\" content=\"fr_FR\" \/>\n<meta property=\"og:type\" content=\"article\" \/>\n<meta property=\"og:title\" content=\"Contacts utiles et organisation de HESAV - Le guide de l&#039;\u00e9tudiant.e - HESAV\" \/>\n<meta property=\"og:url\" content=\"https:\/\/hesav.ch\/guide-etu\/services\/\" \/>\n<meta property=\"og:site_name\" content=\"Le guide de l&#039;\u00e9tudiant.e - HESAV\" \/>\n<meta property=\"article:modified_time\" content=\"2025-10-22T12:59:21+00:00\" \/>\n<meta name=\"twitter:card\" content=\"summary_large_image\" \/>\n<script type=\"application\/ld+json\" class=\"yoast-schema-graph\">{\"@context\":\"https:\/\/schema.org\",\"@graph\":[{\"@type\":\"WebPage\",\"@id\":\"https:\/\/hesav.ch\/guide-etu\/services\/\",\"url\":\"https:\/\/hesav.ch\/guide-etu\/services\/\",\"name\":\"Contacts utiles et organisation de HESAV - Le guide de l&#039;\u00e9tudiant.e - HESAV\",\"isPartOf\":{\"@id\":\"https:\/\/hesav.ch\/guide-etu\/#website\"},\"datePublished\":\"2022-09-07T13:33:56+00:00\",\"dateModified\":\"2025-10-22T12:59:21+00:00\",\"breadcrumb\":{\"@id\":\"https:\/\/hesav.ch\/guide-etu\/services\/#breadcrumb\"},\"inLanguage\":\"fr-FR\",\"potentialAction\":[{\"@type\":\"ReadAction\",\"target\":[\"https:\/\/hesav.ch\/guide-etu\/services\/\"]}]},{\"@type\":\"BreadcrumbList\",\"@id\":\"https:\/\/hesav.ch\/guide-etu\/services\/#breadcrumb\",\"itemListElement\":[{\"@type\":\"ListItem\",\"position\":1,\"name\":\"Accueil\",\"item\":\"https:\/\/hesav.ch\/guide-etu\/\"},{\"@type\":\"ListItem\",\"position\":2,\"name\":\"Contacts utiles et organisation de HESAV\"}]},{\"@type\":\"WebSite\",\"@id\":\"https:\/\/hesav.ch\/guide-etu\/#website\",\"url\":\"https:\/\/hesav.ch\/guide-etu\/\",\"name\":\"Le guide de l&#039;\u00e9tudiant.e - HESAV\",\"description\":\"HESAV \/  Haute \u00c9cole de Sant\u00e9 - Vaud\",\"publisher\":{\"@id\":\"https:\/\/hesav.ch\/guide-etu\/#organization\"},\"potentialAction\":[{\"@type\":\"SearchAction\",\"target\":{\"@type\":\"EntryPoint\",\"urlTemplate\":\"https:\/\/hesav.ch\/guide-etu\/?s={search_term_string}\"},\"query-input\":{\"@type\":\"PropertyValueSpecification\",\"valueRequired\":true,\"valueName\":\"search_term_string\"}}],\"inLanguage\":\"fr-FR\"},{\"@type\":\"Organization\",\"@id\":\"https:\/\/hesav.ch\/guide-etu\/#organization\",\"name\":\"Le guide de l&#039;\u00e9tudiant.e - HESAV\",\"url\":\"https:\/\/hesav.ch\/guide-etu\/\",\"logo\":{\"@type\":\"ImageObject\",\"inLanguage\":\"fr-FR\",\"@id\":\"https:\/\/hesav.ch\/guide-etu\/#\/schema\/logo\/image\/\",\"url\":\"https:\/\/hesav.ch\/guide-etu\/wp-content\/uploads\/2025\/10\/logo_hesav_150.png\",\"contentUrl\":\"https:\/\/hesav.ch\/guide-etu\/wp-content\/uploads\/2025\/10\/logo_hesav_150.png\",\"width\":150,\"height\":150,\"caption\":\"Le guide de l&#039;\u00e9tudiant.e - HESAV\"},\"image\":{\"@id\":\"https:\/\/hesav.ch\/guide-etu\/#\/schema\/logo\/image\/\"}}]}<\/script>\n<!-- \/ Yoast SEO plugin. -->","yoast_head_json":{"title":"Contacts utiles et organisation de HESAV - Le guide de l&#039;\u00e9tudiant.e - HESAV","robots":{"index":"index","follow":"follow","max-snippet":"max-snippet:-1","max-image-preview":"max-image-preview:large","max-video-preview":"max-video-preview:-1"},"canonical":"https:\/\/hesav.ch\/guide-etu\/services\/","og_locale":"fr_FR","og_type":"article","og_title":"Contacts utiles et organisation de HESAV - Le guide de l&#039;\u00e9tudiant.e - HESAV","og_url":"https:\/\/hesav.ch\/guide-etu\/services\/","og_site_name":"Le guide de l&#039;\u00e9tudiant.e - HESAV","article_modified_time":"2025-10-22T12:59:21+00:00","twitter_card":"summary_large_image","schema":{"@context":"https:\/\/schema.org","@graph":[{"@type":"WebPage","@id":"https:\/\/hesav.ch\/guide-etu\/services\/","url":"https:\/\/hesav.ch\/guide-etu\/services\/","name":"Contacts utiles et organisation de HESAV - Le guide de l&#039;\u00e9tudiant.e - HESAV","isPartOf":{"@id":"https:\/\/hesav.ch\/guide-etu\/#website"},"datePublished":"2022-09-07T13:33:56+00:00","dateModified":"2025-10-22T12:59:21+00:00","breadcrumb":{"@id":"https:\/\/hesav.ch\/guide-etu\/services\/#breadcrumb"},"inLanguage":"fr-FR","potentialAction":[{"@type":"ReadAction","target":["https:\/\/hesav.ch\/guide-etu\/services\/"]}]},{"@type":"BreadcrumbList","@id":"https:\/\/hesav.ch\/guide-etu\/services\/#breadcrumb","itemListElement":[{"@type":"ListItem","position":1,"name":"Accueil","item":"https:\/\/hesav.ch\/guide-etu\/"},{"@type":"ListItem","position":2,"name":"Contacts utiles et organisation de HESAV"}]},{"@type":"WebSite","@id":"https:\/\/hesav.ch\/guide-etu\/#website","url":"https:\/\/hesav.ch\/guide-etu\/","name":"Le guide de l&#039;\u00e9tudiant.e - HESAV","description":"HESAV \/  Haute \u00c9cole de Sant\u00e9 - Vaud","publisher":{"@id":"https:\/\/hesav.ch\/guide-etu\/#organization"},"potentialAction":[{"@type":"SearchAction","target":{"@type":"EntryPoint","urlTemplate":"https:\/\/hesav.ch\/guide-etu\/?s={search_term_string}"},"query-input":{"@type":"PropertyValueSpecification","valueRequired":true,"valueName":"search_term_string"}}],"inLanguage":"fr-FR"},{"@type":"Organization","@id":"https:\/\/hesav.ch\/guide-etu\/#organization","name":"Le guide de l&#039;\u00e9tudiant.e - HESAV","url":"https:\/\/hesav.ch\/guide-etu\/","logo":{"@type":"ImageObject","inLanguage":"fr-FR","@id":"https:\/\/hesav.ch\/guide-etu\/#\/schema\/logo\/image\/","url":"https:\/\/hesav.ch\/guide-etu\/wp-content\/uploads\/2025\/10\/logo_hesav_150.png","contentUrl":"https:\/\/hesav.ch\/guide-etu\/wp-content\/uploads\/2025\/10\/logo_hesav_150.png","width":150,"height":150,"caption":"Le guide de l&#039;\u00e9tudiant.e - HESAV"},"image":{"@id":"https:\/\/hesav.ch\/guide-etu\/#\/schema\/logo\/image\/"}}]}},"_links":{"self":[{"href":"https:\/\/hesav.ch\/guide-etu\/wp-json\/wp\/v2\/pages\/32","targetHints":{"allow":["GET"]}}],"collection":[{"href":"https:\/\/hesav.ch\/guide-etu\/wp-json\/wp\/v2\/pages"}],"about":[{"href":"https:\/\/hesav.ch\/guide-etu\/wp-json\/wp\/v2\/types\/page"}],"author":[{"embeddable":true,"href":"https:\/\/hesav.ch\/guide-etu\/wp-json\/wp\/v2\/users\/1"}],"replies":[{"embeddable":true,"href":"https:\/\/hesav.ch\/guide-etu\/wp-json\/wp\/v2\/comments?post=32"}],"version-history":[{"count":23,"href":"https:\/\/hesav.ch\/guide-etu\/wp-json\/wp\/v2\/pages\/32\/revisions"}],"predecessor-version":[{"id":658,"href":"https:\/\/hesav.ch\/guide-etu\/wp-json\/wp\/v2\/pages\/32\/revisions\/658"}],"wp:attachment":[{"href":"https:\/\/hesav.ch\/guide-etu\/wp-json\/wp\/v2\/media?parent=32"}],"curies":[{"name":"wp","href":"https:\/\/api.w.org\/{rel}","templated":true}]}}