{"id":694,"date":"2026-04-15T17:03:26","date_gmt":"2026-04-15T15:03:26","guid":{"rendered":"https:\/\/hesav.ch\/guide-etu\/?page_id=694"},"modified":"2026-04-16T08:35:20","modified_gmt":"2026-04-16T06:35:20","slug":"sante","status":"publish","type":"page","link":"https:\/\/hesav.ch\/guide-etu\/sante\/","title":{"rendered":"Sant\u00e9"},"content":{"rendered":"\n\n\t\t\n<section class=\"section-description \" >\n\t<div class=\"section-description__inner\">\n\t\t<div class=\"section-description__text-wrapper\">\n\t\t\t\t\t\t\t\t\t\t<h2 class=\"section-description__title\">Service sant\u00e9 <\/h2>\n\t\t\t\t\t\t<div class=\"section-description__content typography\"><p>Le service de sant\u00e9 contribue au bien-\u00eatre physique et mental de la communaut\u00e9 HESAV. Notre \u00e9quipe d\u2019infirmi\u00e8res accueille, \u00e9coute, \u00e9value, accompagne et oriente les \u00e9tudiant\u00b7es vers le r\u00e9seau socio-sanitaire selon les besoins.<\/p>\n<p>Le service est sur <strong>rendez-vous, confidentiel, gratuit et ouvert<\/strong> \u00e0 tous\u00b7tes, selon nos disponibilit\u00e9s, tout au long de votre formation. Il intervient notamment dans la mise \u00e0 jour des donn\u00e9es vaccinales et s\u00e9rologiques pour les stages, y compris ceux hors Europe, ainsi que dans la coordination des am\u00e9nagements pour raison de sant\u00e9.<\/p>\n<p>Pr\u00e9vention, \u00e9coute bienveillante et non-jugement sont au c\u0153ur de notre approche. Le service de sant\u00e9 reste un rep\u00e8re tout au long de votre parcours \u00e0 HESAV.<\/p>\n<p>Pour plus d\u2019informations , vous pouvez consulter la <a href=\"https:\/\/hesav.sharepoint.com\/sites\/service-de-sante?startedResponseCatch=true\" target=\"_blank\" rel=\"noopener\">page du Service de sant\u00e9 sur Intranet<\/a>.<\/p>\n<\/div>\n\t\t<\/div>\n\t\t\t<\/div>\n<\/section>\n\n\n\t\t\n<section class=\"section-description \" >\n\t<div class=\"section-description__inner\">\n\t\t<div class=\"section-description__text-wrapper\">\n\t\t\t\t\t\t\t\t\t\t<h2 class=\"section-description__title\">DOSA HESAV \u2013 Dossier Sant\u00e9 des \u00e9tudiant\u00b7es<\/h2>\n\t\t\t\t\t\t<div class=\"section-description__content typography\"><p>En tant que futur\u00b7e professionnel\u00b7le de la sant\u00e9, certaines vaccinations sont fortement recommand\u00e9es, certains lieux de stages et responsables de stages peuvent vous les exiger. Le co\u00fbt des vaccinations et des examens m\u00e9dicaux demand\u00e9s \u00e0 votre entr\u00e9e en formation est \u00e0 votre charge<\/p>\n<p>Vous trouverez dans le document <a href=\"https:\/\/hesav.sharepoint.com\/sites\/service-de-sante\/Documents%20partages\/Forms\/AllItems.aspx?id=%2Fsites%2Fservice%2Dde%2Dsante%2FDocuments%20partages%2FDossier%20sant%C3%A9&amp;viewid=f8621b93%2D084a%2D4148%2D8c14%2D481d2c375f1a\" target=\"_blank\" rel=\"noopener\">Dossier Sant\u00e9<\/a>\u00a0toutes les informations n\u00e9cessaires pour compl\u00e9ter votre dossier sant\u00e9. <strong>Il est de votre responsabilit\u00e9 de vous assurer que votre dossier est complet et que votre statut vaccinal est \u00e0 jour pour effectuer vos futurs stages<\/strong>.<\/p>\n<p>A noter que les institutions ou services peuvent refuser les \u00e9tudiant\u00b7es qui ne satisfont pas aux <a href=\"https:\/\/www.bag.admin.ch\/fr\/plan-de-vaccination-suisse\" target=\"_blank\" rel=\"noopener\">recommandations vaccinales pour les professionnel\u00b7les de la sant\u00e9 \u00e9dict\u00e9es par l\u2019Office F\u00e9d\u00e9ral de la Sant\u00e9 Publique (OFSP)<\/a>.<\/p>\n<p><a href=\"https:\/\/dosa.hesav.ch\/\" target=\"_blank\" rel=\"noopener\">DOSA-HESAV<\/a> est la plateforme utilis\u00e9e pour g\u00e9rer et stocker vos informations de sant\u00e9 \u00e0 HESAV. Elle regroupe diff\u00e9rents \u00e9l\u00e9ments relatifs \u00e0 vos donn\u00e9es de sant\u00e9 confidentielle et s\u00e9curis\u00e9e\u00a0:<\/p>\n<ul>\n<li>Donn\u00e9es personnelles<\/li>\n<li>Statut vaccinal<\/li>\n<li>R\u00e9sultats d\u2019immunit\u00e9<\/li>\n<li>Documents m\u00e9dicaux<\/li>\n<li>Formulaire d\u2019\u00e9valuation m\u00e9dicale et certificat immunitaire d\u00e9livr\u00e9 par un m\u00e9decin<\/li>\n<\/ul>\n<p><strong>Ce que permet la plateforme DOSA :<\/strong><\/p>\n<ul>\n<li>Echanger avec le Service de sant\u00e9 (questions, orientation, etc.)<\/li>\n<li>D\u00e9poser des demandes d\u2019am\u00e9nagement aux \u00e9tudes pour raison de sant\u00e9<\/li>\n<li>Acc\u00e9der rapidement \u00e0 vos informations de sant\u00e9<\/li>\n<li>Prendre rendez-vous avec les infirmi\u00e8res<\/li>\n<\/ul>\n<p><strong>S\u00e9curit\u00e9 &amp; confidentialit\u00e9 de DOSA :<\/strong><\/p>\n<ul>\n<li>Les donn\u00e9es m\u00e9dicales sont prot\u00e9g\u00e9es et trait\u00e9es de mani\u00e8re confidentielle<\/li>\n<li>Le stockage est s\u00e9curis\u00e9 et conforme aux normes en vigueur<\/li>\n<\/ul>\n<p>Un dossier <strong>complet, valid\u00e9 <\/strong>et<strong> \u00e0 jour<\/strong> est indispensable pour entrer en formation et garantir l\u2019acc\u00e8s aux stages.<\/p>\n<\/div>\n\t\t<\/div>\n\t\t\t<\/div>\n<\/section>\n\n\n\t\t\n<section class=\"section-description \" >\n\t<div class=\"section-description__inner\">\n\t\t<div class=\"section-description__text-wrapper\">\n\t\t\t\t\t\t\t\t\t\t<h2 class=\"section-description__title\">Maternit\u00e9 et \u00e9tudes <\/h2>\n\t\t\t\t\t\t<div class=\"section-description__content typography\"><p>Vous \u00eates \u00e9tudiante \u00e0 HESAV et vous venez d\u2019apprendre que vous \u00eates enceinte ?<\/p>\n<p>F\u00e9licitations ! HESAV tient \u00e0 vous accompagner tout au long de votre parcours acad\u00e9mique afin que vous puissiez concilier au mieux votre grossesse, votre r\u00f4le de m\u00e8re et vos \u00e9tudes.<\/p>\n<p>La maternit\u00e9 ne doit pas \u00eatre un frein \u00e0 votre formation. En Suisse, les femmes enceintes b\u00e9n\u00e9ficient de protections l\u00e9gales sp\u00e9cifiques, m\u00eame en contexte de formation. L\u2019\u00e9cole s\u2019engage \u00e0 respecter ces droits et \u00e0 vous offrir un cadre bienveillant et adapt\u00e9. Afin d\u2019adapter au mieux votre parcours, nous vous invitons \u00e0 :<\/p>\n<ul>\n<li>Informer rapidement votre <strong>conseiller\u00b7\u00e8re aux \u00e9tudes<\/strong> pour aborder les am\u00e9nagements possibles : adaptation des horaires, des stages, report d\u2019examens, cong\u00e9s temporaires, etc.<\/li>\n<li>Prendre RDV avec le Service de Sant\u00e9 \u00e0 HESAV via DOSA<\/li>\n<li>Consulter notre page Intranet <a href=\"https:\/\/hesav.sharepoint.com\/sites\/service-de-sante\/SitePages\/Maternit%C3%A9-et-allaitement.aspx\" target=\"_blank\" rel=\"noopener\">Maternit\u00e9 et allaitement \u00e0 HESAV<\/a><\/li>\n<\/ul>\n<\/div>\n\t\t<\/div>\n\t\t\t<\/div>\n<\/section>\n\n\n\t\t\n<section class=\"section-description \" >\n\t<div class=\"section-description__inner\">\n\t\t<div class=\"section-description__text-wrapper\">\n\t\t\t\t\t\t\t\t\t\t<h2 class=\"section-description__title\">Espace d\u00e9tente et bien-\u00eatre<\/h2>\n\t\t\t\t\t\t<div class=\"section-description__content typography\"><p>Besoin d\u2019un moment de pause dans votre semaine d\u2019\u00e9tudes ?<br \/>\nHESAV met \u00e0 votre disposition un espace D\u00e9tente et bien-\u00eatre, accessible gratuitement \u00e0 toutes et tous. Des prestations de massage y sont propos\u00e9es une fois par semaine par des \u00e9tudiant\u00b7es en formation, encadr\u00e9\u00b7es par des enseignant\u00b7es form\u00e9\u00b7es en massage.<\/p>\n<p><strong>Vous y trouverez :<\/strong><\/p>\n<ul>\n<li>Diff\u00e9rents types de massages selon vos envies (massage du dos \u00e0 l\u2019huile, massage assis habill\u00e9, massage des mains ou des jambes)<\/li>\n<li>Un cadre calme et apaisant, propice \u00e0 la d\u00e9tente et au ressourcement, situ\u00e9 \u00e0 c\u00f4t\u00e9 du bureau des infirmi\u00e8res de sant\u00e9 \u00e0 l\u2019annexe.<\/li>\n<\/ul>\n<p>Cet espace est ouvert \u00e0 l\u2019ensemble des \u00e9tudiant\u00b7es et des collaborateur\u00b7trices, sur inscription.<br \/>\nLes horaires et modalit\u00e9s de r\u00e9servation sont disponibles sur l\u2019intranet.<\/p>\n<\/div>\n\t\t<\/div>\n\t\t\t<\/div>\n<\/section>\n\n\n\t\t\n<section class=\"section-description \" >\n\t<div class=\"section-description__inner\">\n\t\t<div class=\"section-description__text-wrapper\">\n\t\t\t\t\t\t\t\t\t\t<h2 class=\"section-description__title\">Un campus sans fum\u00e9e : une question de sant\u00e9<\/h2>\n\t\t\t\t\t\t<div class=\"section-description__content typography\"><p>HESAV s\u2019engage \u00e0 offrir un environnement sain et respectueux pour toutes et tous.<br \/>\nConform\u00e9ment \u00e0 la Loi vaudoise sur l\u2019interdiction de fumer dans les lieux publics (LIFLP), les b\u00e2timents de l\u2019\u00e9cole sont 100 % sans fum\u00e9e.<\/p>\n<p>Cela signifie que la consommation de tabac, de chanvre CBD ainsi que le vapotage sont strictement interdits \u00e0 l\u2019int\u00e9rieur des locaux.<\/p>\n<p>\u00c0 l\u2019ext\u00e9rieur, il est demand\u00e9 aux fumeurs de :<\/p>\n<ul>\n<li>Respecter les autres usagers du campus<\/li>\n<li>Utiliser les cendriers mis \u00e0 disposition<\/li>\n<li>\u00c9viter de fumer \u00e0 proximit\u00e9 des entr\u00e9es et des zones de passage<\/li>\n<\/ul>\n<p>Ensemble, contribuons \u00e0 un cadre d\u2019\u00e9tude agr\u00e9able et respectueux de la sant\u00e9 de chacun.<\/p>\n<\/div>\n\t\t<\/div>\n\t\t\t<\/div>\n<\/section>\n","protected":false},"excerpt":{"rendered":"","protected":false},"author":1,"featured_media":0,"parent":0,"menu_order":0,"comment_status":"closed","ping_status":"closed","template":"","meta":{"_acf_changed":false,"footnotes":""},"class_list":["post-694","page","type-page","status-publish","hentry"],"acf":[],"yoast_head":"<!-- This site is optimized with the Yoast SEO plugin v24.7 - https:\/\/yoast.com\/wordpress\/plugins\/seo\/ -->\n<title>Sant\u00e9 - Le guide de l&#039;\u00e9tudiant.e - HESAV<\/title>\n<meta name=\"robots\" content=\"index, follow, max-snippet:-1, max-image-preview:large, max-video-preview:-1\" \/>\n<link rel=\"canonical\" href=\"https:\/\/hesav.ch\/guide-etu\/sante\/\" \/>\n<meta property=\"og:locale\" content=\"fr_FR\" \/>\n<meta property=\"og:type\" content=\"article\" \/>\n<meta property=\"og:title\" content=\"Sant\u00e9 - Le guide de l&#039;\u00e9tudiant.e - HESAV\" \/>\n<meta property=\"og:url\" content=\"https:\/\/hesav.ch\/guide-etu\/sante\/\" \/>\n<meta property=\"og:site_name\" content=\"Le guide de l&#039;\u00e9tudiant.e - HESAV\" \/>\n<meta property=\"article:modified_time\" content=\"2026-04-16T06:35:20+00:00\" \/>\n<meta name=\"twitter:card\" content=\"summary_large_image\" \/>\n<script type=\"application\/ld+json\" class=\"yoast-schema-graph\">{\"@context\":\"https:\/\/schema.org\",\"@graph\":[{\"@type\":\"WebPage\",\"@id\":\"https:\/\/hesav.ch\/guide-etu\/sante\/\",\"url\":\"https:\/\/hesav.ch\/guide-etu\/sante\/\",\"name\":\"Sant\u00e9 - Le guide de l&#039;\u00e9tudiant.e - HESAV\",\"isPartOf\":{\"@id\":\"https:\/\/hesav.ch\/guide-etu\/#website\"},\"datePublished\":\"2026-04-15T15:03:26+00:00\",\"dateModified\":\"2026-04-16T06:35:20+00:00\",\"breadcrumb\":{\"@id\":\"https:\/\/hesav.ch\/guide-etu\/sante\/#breadcrumb\"},\"inLanguage\":\"fr-FR\",\"potentialAction\":[{\"@type\":\"ReadAction\",\"target\":[\"https:\/\/hesav.ch\/guide-etu\/sante\/\"]}]},{\"@type\":\"BreadcrumbList\",\"@id\":\"https:\/\/hesav.ch\/guide-etu\/sante\/#breadcrumb\",\"itemListElement\":[{\"@type\":\"ListItem\",\"position\":1,\"name\":\"Accueil\",\"item\":\"https:\/\/hesav.ch\/guide-etu\/\"},{\"@type\":\"ListItem\",\"position\":2,\"name\":\"Sant\u00e9\"}]},{\"@type\":\"WebSite\",\"@id\":\"https:\/\/hesav.ch\/guide-etu\/#website\",\"url\":\"https:\/\/hesav.ch\/guide-etu\/\",\"name\":\"Le guide de l&#039;\u00e9tudiant.e - HESAV\",\"description\":\"HESAV \/  Haute \u00c9cole de Sant\u00e9 - Vaud\",\"publisher\":{\"@id\":\"https:\/\/hesav.ch\/guide-etu\/#organization\"},\"potentialAction\":[{\"@type\":\"SearchAction\",\"target\":{\"@type\":\"EntryPoint\",\"urlTemplate\":\"https:\/\/hesav.ch\/guide-etu\/?s={search_term_string}\"},\"query-input\":{\"@type\":\"PropertyValueSpecification\",\"valueRequired\":true,\"valueName\":\"search_term_string\"}}],\"inLanguage\":\"fr-FR\"},{\"@type\":\"Organization\",\"@id\":\"https:\/\/hesav.ch\/guide-etu\/#organization\",\"name\":\"Le guide de l&#039;\u00e9tudiant.e - HESAV\",\"url\":\"https:\/\/hesav.ch\/guide-etu\/\",\"logo\":{\"@type\":\"ImageObject\",\"inLanguage\":\"fr-FR\",\"@id\":\"https:\/\/hesav.ch\/guide-etu\/#\/schema\/logo\/image\/\",\"url\":\"https:\/\/hesav.ch\/guide-etu\/wp-content\/uploads\/2025\/10\/logo_hesav_150.png\",\"contentUrl\":\"https:\/\/hesav.ch\/guide-etu\/wp-content\/uploads\/2025\/10\/logo_hesav_150.png\",\"width\":150,\"height\":150,\"caption\":\"Le guide de l&#039;\u00e9tudiant.e - HESAV\"},\"image\":{\"@id\":\"https:\/\/hesav.ch\/guide-etu\/#\/schema\/logo\/image\/\"}}]}<\/script>\n<!-- \/ Yoast SEO plugin. -->","yoast_head_json":{"title":"Sant\u00e9 - Le guide de l&#039;\u00e9tudiant.e - HESAV","robots":{"index":"index","follow":"follow","max-snippet":"max-snippet:-1","max-image-preview":"max-image-preview:large","max-video-preview":"max-video-preview:-1"},"canonical":"https:\/\/hesav.ch\/guide-etu\/sante\/","og_locale":"fr_FR","og_type":"article","og_title":"Sant\u00e9 - Le guide de l&#039;\u00e9tudiant.e - HESAV","og_url":"https:\/\/hesav.ch\/guide-etu\/sante\/","og_site_name":"Le guide de l&#039;\u00e9tudiant.e - HESAV","article_modified_time":"2026-04-16T06:35:20+00:00","twitter_card":"summary_large_image","schema":{"@context":"https:\/\/schema.org","@graph":[{"@type":"WebPage","@id":"https:\/\/hesav.ch\/guide-etu\/sante\/","url":"https:\/\/hesav.ch\/guide-etu\/sante\/","name":"Sant\u00e9 - Le guide de l&#039;\u00e9tudiant.e - HESAV","isPartOf":{"@id":"https:\/\/hesav.ch\/guide-etu\/#website"},"datePublished":"2026-04-15T15:03:26+00:00","dateModified":"2026-04-16T06:35:20+00:00","breadcrumb":{"@id":"https:\/\/hesav.ch\/guide-etu\/sante\/#breadcrumb"},"inLanguage":"fr-FR","potentialAction":[{"@type":"ReadAction","target":["https:\/\/hesav.ch\/guide-etu\/sante\/"]}]},{"@type":"BreadcrumbList","@id":"https:\/\/hesav.ch\/guide-etu\/sante\/#breadcrumb","itemListElement":[{"@type":"ListItem","position":1,"name":"Accueil","item":"https:\/\/hesav.ch\/guide-etu\/"},{"@type":"ListItem","position":2,"name":"Sant\u00e9"}]},{"@type":"WebSite","@id":"https:\/\/hesav.ch\/guide-etu\/#website","url":"https:\/\/hesav.ch\/guide-etu\/","name":"Le guide de l&#039;\u00e9tudiant.e - HESAV","description":"HESAV \/  Haute \u00c9cole de Sant\u00e9 - Vaud","publisher":{"@id":"https:\/\/hesav.ch\/guide-etu\/#organization"},"potentialAction":[{"@type":"SearchAction","target":{"@type":"EntryPoint","urlTemplate":"https:\/\/hesav.ch\/guide-etu\/?s={search_term_string}"},"query-input":{"@type":"PropertyValueSpecification","valueRequired":true,"valueName":"search_term_string"}}],"inLanguage":"fr-FR"},{"@type":"Organization","@id":"https:\/\/hesav.ch\/guide-etu\/#organization","name":"Le guide de l&#039;\u00e9tudiant.e - HESAV","url":"https:\/\/hesav.ch\/guide-etu\/","logo":{"@type":"ImageObject","inLanguage":"fr-FR","@id":"https:\/\/hesav.ch\/guide-etu\/#\/schema\/logo\/image\/","url":"https:\/\/hesav.ch\/guide-etu\/wp-content\/uploads\/2025\/10\/logo_hesav_150.png","contentUrl":"https:\/\/hesav.ch\/guide-etu\/wp-content\/uploads\/2025\/10\/logo_hesav_150.png","width":150,"height":150,"caption":"Le guide de l&#039;\u00e9tudiant.e - HESAV"},"image":{"@id":"https:\/\/hesav.ch\/guide-etu\/#\/schema\/logo\/image\/"}}]}},"_links":{"self":[{"href":"https:\/\/hesav.ch\/guide-etu\/wp-json\/wp\/v2\/pages\/694","targetHints":{"allow":["GET"]}}],"collection":[{"href":"https:\/\/hesav.ch\/guide-etu\/wp-json\/wp\/v2\/pages"}],"about":[{"href":"https:\/\/hesav.ch\/guide-etu\/wp-json\/wp\/v2\/types\/page"}],"author":[{"embeddable":true,"href":"https:\/\/hesav.ch\/guide-etu\/wp-json\/wp\/v2\/users\/1"}],"replies":[{"embeddable":true,"href":"https:\/\/hesav.ch\/guide-etu\/wp-json\/wp\/v2\/comments?post=694"}],"version-history":[{"count":10,"href":"https:\/\/hesav.ch\/guide-etu\/wp-json\/wp\/v2\/pages\/694\/revisions"}],"predecessor-version":[{"id":716,"href":"https:\/\/hesav.ch\/guide-etu\/wp-json\/wp\/v2\/pages\/694\/revisions\/716"}],"wp:attachment":[{"href":"https:\/\/hesav.ch\/guide-etu\/wp-json\/wp\/v2\/media?parent=694"}],"curies":[{"name":"wp","href":"https:\/\/api.w.org\/{rel}","templated":true}]}}